{"id":4860,"date":"2025-10-17T13:31:29","date_gmt":"2025-10-17T13:31:29","guid":{"rendered":"https:\/\/tradi-market.store\/?post_type=product&#038;p=4860"},"modified":"2025-10-17T13:44:35","modified_gmt":"2025-10-17T13:44:35","slug":"noix-de-palme-neat-fresh","status":"publish","type":"product","link":"https:\/\/tradi-market.store\/?product=noix-de-palme-neat-fresh","title":{"rendered":"Noix de palme Neat Fresh"},"content":{"rendered":"","protected":false},"excerpt":{"rendered":"<h2>La <strong data-start=\"459\" data-end=\"487\">noix de palme Neat Fresh<\/strong><\/h2>\n<p>-est 100% naturelle et soigneusement s\u00e9lectionn\u00e9e pour garantir fra\u00eecheur et qualit\u00e9. Id\u00e9ale pour la pr\u00e9paration d\u2019huiles, sauces, ou plats traditionnels, elle apporte un go\u00fbt authentique et riche \u00e0 toutes vos recettes.<\/p>\n","protected":false},"featured_media":4861,"template":"","meta":[],"product_brand":[],"product_cat":[96],"product_tag":[],"class_list":{"0":"post-4860","1":"product","2":"type-product","3":"status-publish","4":"has-post-thumbnail","6":"product_cat-divers","8":"first","9":"instock","10":"taxable","11":"shipping-taxable","12":"purchasable","13":"product-type-variable"},"_links":{"self":[{"href":"https:\/\/tradi-market.store\/index.php?rest_route=\/wp\/v2\/product\/4860","targetHints":{"allow":["GET"]}}],"collection":[{"href":"https:\/\/tradi-market.store\/index.php?rest_route=\/wp\/v2\/product"}],"about":[{"href":"https:\/\/tradi-market.store\/index.php?rest_route=\/wp\/v2\/types\/product"}],"version-history":[{"count":0,"href":"https:\/\/tradi-market.store\/index.php?rest_route=\/wp\/v2\/product\/4860\/revisions"}],"wp:featuredmedia":[{"embeddable":true,"href":"https:\/\/tradi-market.store\/index.php?rest_route=\/wp\/v2\/media\/4861"}],"wp:attachment":[{"href":"https:\/\/tradi-market.store\/index.php?rest_route=%2Fwp%2Fv2%2Fmedia&parent=4860"}],"wp:term":[{"taxonomy":"product_brand","embeddable":true,"href":"https:\/\/tradi-market.store\/index.php?rest_route=%2Fwp%2Fv2%2Fproduct_brand&post=4860"},{"taxonomy":"product_cat","embeddable":true,"href":"https:\/\/tradi-market.store\/index.php?rest_route=%2Fwp%2Fv2%2Fproduct_cat&post=4860"},{"taxonomy":"product_tag","embeddable":true,"href":"https:\/\/tradi-market.store\/index.php?rest_route=%2Fwp%2Fv2%2Fproduct_tag&post=4860"}],"curies":[{"name":"wp","href":"https:\/\/api.w.org\/{rel}","templated":true}]}}